igit of f?
5
Suppose 180 = 3*m + m. Suppose -5*x - m - 285 = 0. Let u = -35 - x. What is the tens digit of u?
3
Let w be (-1 - 4)*(-48)/(-15). Let i(g) = -g**2 - 16*g + 4. Let v be i(w). Suppose -5*n - v*c = -n - 24, -18 = -5*n - 2*c. What is the units digit of n?
2
Let g be 1 + 1 + -92 + -1. Suppose 2*a = -9 + 3, 5*a = -5*n - 675. Let i = g - n. What is the tens digit of i?
4
Let f = -86 + 46. Let r = f - -149. What is the units digit of r?
9
Let y(d) = -d**3 + 5*d**2 - 3. Let v be y(4). Suppose 29 = i - v. What is the units digit of i?
2
Suppose 3*j = -p - 26, -p + 34 = -4*j - 2*p. Let b(h) = -h - 3. Let o be b(j). What is the tens digit of 3/o + 142/5?
2
Let t = 38 + -142. Let m = t - -110. What is the units digit of m?
6
Let g(w) = -5*w**2 + 19*w - 15. Let x(b) = -10*b**2 + 39*b - 31. Let f(l) = -13*g(l) + 6*x(l). What is the units digit of f(6)?
1
Let g(a) = a**2 + 8*a - 22. Let m be g(-10). What is the tens digit of m/6 + (103/3 - -4)?
3
Suppose 5 = -5*a + 20. Suppose l = -a*l. Suppose l = -4*h + 25 + 27. What is the units digit of h?
3
Let t be (-108)/48 - (-1 + (-6)/(-8)). What is the units digit of (25/t - 0)*(-51 - -37)?
5
Let c(f) = -f**3 - 6*f**2 + f + 3. Let n be c(-6). Let u(x) be the third derivative of x**5/60 - x**4/8 + 2*x**3/3 + 3*x**2. What is the tens digit of u(n)?
2
Let j(d) = 142*d + 2. Suppose -60*z + 58*z = -2. What is the hundreds digit of j(z)?
1
Let r be 6/(-24) - ((-17)/4)/1. Suppose 349 = r*i - 371. What is the tens digit of i?
8
Let a = 119 - 10. Suppose -3*d + a = -j, 5*d - 6*j - 165 = -j. What is the units digit of d?
8
Let q(v) be the first derivative of v**4/4 - 5*v**3/3 + 2*v - 4. Let y be q(5). Suppose 2*c = a - 17, -5*a + 34 = -y*c - 19. What is the units digit of a?
9
Let b = -4 - -7. Let h(w) = 11*w. Let g be h(-4). What is the units digit of b*(-4 - -5) - g?
7
Let j = 66 - 118. Let r = -5 - j. What is the tens digit of r?
4
Let v(g) = 5*g**2 + 5*g + 26. Let m(c) = -c**2 - c - 5. Let t(y) = -11*m(y) - 2*v(y). What is the tens digit of t(-6)?
3
Let g = -22 + 27. Suppose -g*f + 21 = -4. Suppose -f*y + 6*y - 2 = 0. What is the units digit of y?
2
Suppose 3*j + 0*l - 42 = -3*l, 4*j - 3*l = 42. Suppose j = 3*f - 27. Suppose m + 4 = f. What is the units digit of m?
9
Let f be (-6)/((15/(-4))/5). Suppose 0 = -f*h + 2*h + 342. What is the units digit of h?
7
What is the units digit of (-5 + (-18393)/(-6))*(-7 + 9)?
1
Let l be ((-1)/(-1) - 2)*-15. Let y be ((-88)/(-5))/(6/l). What is the units digit of (-3)/(-1) + y + 19?
6
Let l(q) = -2*q - 9 - 4 + 2. What is the units digit of l(-6)?
1
Let k(v) = v**2 + 16*v - 10. Let n be k(8). Let i = -96 + n. Let l = i - 34. What is the tens digit of l?
5
What is the tens digit of 17/((-153)/(-46305)) - 1*8?
3
Let y = -595 + 1212. What is the tens digit of y?
1
Suppose 0 = 3*c - 0*c - v + 1256, -c = -3*v + 424. Let i be 4/(-18) - c/99. Suppose 2*z = -l + 75, 0 = -5*z - i*l + 136 + 59. What is the units digit of z?
5
Let a(x) = x**3 + 9*x**2 + 2*x - 6. Let r = -58 - -51. What is the tens digit of a(r)?
7
Let w be (-126)/(-4) - (-6)/(-4). What is the units digit of 12/w*(-1970)/(-4)?
7
Let g(u) = u**3 + 6*u**2 - 2*u - 4. Let b be g(-6). Suppose -3*n - b = -4*n + i, -1 = 3*n + 2*i. Suppose -n*o = -72 - 24. What is the tens digit of o?
3
Let g = 45 + -46. Let f(c) = 14*c**2 + 15*c**2 - c + 33*c**2 + 1 - 3*c**2. What is the units digit of f(g)?
1
Let j(h) = -h**3 + 10*h**2 - 2*h - 17. What is the tens digit of j(9)?
4
Suppose b + 3 = 7. Let z be (4 - -29)*(b + -3). Suppose 2*y - z = 17. What is the units digit of y?
5
What is the thousands digit of (-1098)/(33/(-12) + 2)?
1
Let h = -3 - -12. Suppose -852 = -h*m + 5*m. What is the units digit of (m/9 - 4)*3?
9
Let v = 9 - 72. Let f = 66 + v. What is the units digit of f?
3
Let f(a) = a**2 + 13*a + 4. Let b be f(-13). What is the tens digit of (0 - b)*(-2 + -12)?
5
Suppose 0 = 3*m + 2*l - 2856, -m - l + 952 = -0*m. What is the units digit of m?
2
What is the units digit of 2*((-1805)/(-10) + 1 + 5)?
3
Let x = -778 + 2038. What is the tens digit of x?
6
Let x = -195 + 467. Suppose -4*i + x = -88. What is the tens digit of i?
9
Let x = 7706 - 5164. What is the units digit of x?
2
Let n be (3 - -7)*(-15)/(-6). Let z = -3 + n. Suppose -5*f + 142 = z. What is the tens digit of f?
2
Suppose -3*w - 18 = 4*c, -4*c + 2*w = 7*w + 22. What is the units digit of (c - -7) + 3 + 74?
1
Suppose 4*c - 4 = 0, 0 = -4*n + 2*c + 32 + 26. Suppose -106 + n = x. Let a = x + 129. What is the tens digit of a?
3
Let k(z) = 625*z**3 - z**2 - 4*z + 5. Let u be k(1). Suppose 4*n = 3*y + 540, -4*n + u - 85 = 4*y. What is the hundreds digit of n?
1
Suppose 63*w + 14828 = 74*w. What is the hundreds digit of w?
3
Suppose -14*j = -54670 - 3934. What is the thousands digit of j?
4
Let f = 8 + -4. Suppose -9 + 1 = f*o, 2*o = -5*u + 121. What is the tens digit of u?
2
Suppose m = -0 - 5. What is the tens digit of (-4)/m - 1105/(-25)?
4
Let u(o) = o**3 + 7*o**2 + 11*o + 11. Let m be u(-8). Let d = -11 - m. What is the tens digit of d?
3
Let l(y) = -y + 15. Let t be 5 + -7 + (-13)/(-1). Let m be l(t). Suppose -12 = -r + m*j + 7, -j - 17 = -2*r. What is the units digit of r?
7
Suppose 6*g - 131 - 25 = 0. Let o = -21 + g. Suppose -o = f - 15. What is the tens digit of f?
1
Let u = -583 - -841. Suppose u = 4*k - k. Suppose -24 = -5*l + k. What is the tens digit of l?
2
Suppose -l = 3*u - 1938, 5*l - 779 - 526 = -2*u. What is the tens digit of u?
4
Suppose -6*n + 24*n - 10890 = 0. What is the tens digit of n?
0
Let x = 46 + 49. Let v = x + -17. What is the tens digit of v?
7
Let x be ((-8)/10)/(6/(-15)). Suppose x*o = -o + 123. What is the units digit of o?
1
What is the hundreds digit of (-35)/(-25)*-5*(-264)/14?
1
Let d = -1141 + 2017. What is the hundreds digit of d?
8
Suppose -f + 24414 = 8*v, 0*f = -2*v - 3*f + 6098. What is the hundreds digit of v?
0
Suppose 6*x - 2*x + 2*s = -26, 3*x = s - 32. Let u = x + 14. Suppose -2*l + 1 = p, -u*l = -0*l + 3*p. What is the units digit of l?
3
Let g be (4 - 1 - 2)*3. Suppose -g*u + 179 = -4*w - 177, -5*u - w = -555. What is the tens digit of u?
1
What is the units digit of (-39750)/12*(-8)/10?
0
Let l(f) = -20*f - 364. What is the tens digit of l(-50)?
3
Suppose 4*p - 1794 = -2*n, 0*p + 899 = 2*p - n. What is the tens digit of p?
4
Suppose -2*a - 4*z = -18 - 2, -z = -a - 5. Let q(k) = -k**2 + k + 9. Let d be q(a). Let p = 9 + d. What is the units digit of p?
8
Let a(i) = 3*i - 16. Let w be a(10). Let c = 19 - w. What is the units digit of c?
5
Let o be 1 + (-7 - -4) + 1. What is the units digit of (o/(-3))/((-2)/(-12))?
2
Suppose 4080 = 169*i - 165*i. What is the thousands digit of i?
1
Let o be -2*(206/(-4) + 1). Let i be (78/(-8))/((-36)/240). Let x = o - i. What is the tens digit of x?
3
Let u be (-10)/(-1) - (-23 + 23). What is the units digit of u/(-65) + 0 + (-2303)/(-13)?
7
Let f(u) = 61*u**2 - u + 97*u**2 - 1 - 25*u**2. Let y be f(-1). What is the units digit of ((-6)/21)/((-1)/y)?
8
Let i be 16/(-7) - 16/(-56). Let d be i*1/(-1)*1. Suppose d = -5*y + 37. What is the units digit of y?
7
Let b(r) = -11 - 1 - r + 0*r + 2*r. Let x be b(7). What is the tens digit of (0 + x)*(-124)/20?
3
Suppose -3*l + 30 = 9. Let h(y) = y + 3. Let j be h(l). Let a = -7 + j. What is the units digit of a?
3
Suppose -8*q + 5*q = 0. Suppose q - 4 = -2*b, -3*m + 39 = -3*b. Suppose -5*p + m = -115. What is the tens digit of p?
2
What is the units digit of (-15)/5 + 4*12?
5
Let c(n) = -n**3 + n + 1. Let a be c(0). What is the units digit of 21 + -24 - -19*7*a?
0
Let k(o) = o**2 + 14*o - 14. Let a = -77 - -58. What is the tens digit of k(a)?
8
What is the units digit of (12 - -550) + -1*10/(-2)?
7
Let p(y) = 123*y**2 - 67*y - 198. What is the units digit of p(-3)?
0
Suppose 4 = -4*s + 16, -3*f + 24 = -2*s. Suppose 2*l + 0*l = o + f, 32 = 5*l + o. What is the units digit of l?
6
Let v = -137 + 412. What is the tens digit of v?
7
Let c be ((-94)/3)/(28/42). Let s = -40 - c. Suppose 268 = s*k - 3*k. What is the units digit of k?
7
Let g(o) be the third derivative of o**4/8 - o**3/2 - 13*o**2. Let u be g(2). Let x = 6 - u. What is the units digit of x?
3
What is the units digit of (-12)/24*(-2639 + -1)?
0
Suppose 4*k - 5 = 3*l + 18, 2*k + 2*l - 8 = 